mposite?
False
Is 33547 a composite number?
False
Is 2477 prime?
True
Is 1453531 a prime number?
False
Is 2459 a prime number?
True
Is 8309 composite?
True
Is 147853 a prime number?
True
Is 11519 composite?
False
Is 184715 a prime number?
False
Is 4205651 composite?
False
Is 133357 prime?
False
Is 99469 prime?
True
Is 4419157 prime?
True
Is 941249 composite?
False
Is 749597 a prime number?
False
Is 458909 a composite number?
True
Is 1039 a prime number?
True
Is 115279 a composite number?
False
Is 1283 a composite number?
False
Is 2412103 composite?
True
Is 18973 composite?
False
Is 153607 prime?
True
Is 2579 composite?
False
Is 108233 a prime number?
True
Is 78401 composite?
False
Is 45517 a prime number?
False
Is 4181459 a composite number?
False
Is 65609 a composite number?
False
Is 2521 prime?
True
Is 4493 a prime number?
True
Is 66841 composite?
False
Is 5153 prime?
True
Is 4113611 composite?
False
Is 1363361 a prime number?
True
Is 4283 composite?
False
Is 836021 a prime number?
False
Is 10297 prime?
False
Is 175115 prime?
False
Is 18169 a prime number?
True
Is 39779 a prime number?
True
Is 47737 a composite number?
False
Is 1559 a composite number?
False
Is 9760963 composite?
False
Is 196067 composite?
True
Is 1741709 a prime number?
False
Is 2183 a prime number?
False
Is 224423 prime?
True
Is 12197 a composite number?
False
Is 127 prime?
True
Is 15551 a prime number?
True
Is 141913 a prime number?
False
Is 27611 composite?
False
Is 285137 a prime number?
False
Is 118793 a composite number?
True
Is 207215 composite?
True
Is 15349 prime?
True
Is 967 a prime number?
True
Is 9917 a prime number?
False
Is 51941 a prime number?
True
Is 12497 composite?
False
Is 2777 composite?
False
Is 20887 prime?
True
Is 313169 composite?
True
Is 2203 composite?
False
Is 650758 prime?
False
Is 105727 a prime number?
True
Is 3041651 prime?
True
Is 339601 a prime number?
True
Is 1385369 a composite number?
False
Is 22169 prime?
False
Is 333937 a composite number?
True
Is 1087 composite?
False
Is 7814 prime?
False
Is 1599083 composite?
False
Is 93581 a composite number?
False
Is 130483 composite?
False
Is 140333 composite?
False
Is 606413 a composite number?
False
Is 437 a prime number?
False
Is 7261 a prime number?
False
Is 30803 a composite number?
False
Is 5815 composite?
True
Is 1743242 prime?
False
Is 16139 a composite number?
False
Is 424559 prime?
True
Is 763 a composite number?
True
Is 18961 prime?
False
Is 6779 a composite number?
False
Is 106411 a composite number?
False
Is 1793 a prime number?
False
Is 153623 a composite number?
False
Is 172699 a composite number?
True
Is 2369 a composite number?
True
Is 5129 composite?
True
Is 58541 composite?
True
Is 4183697 a composite number?
True
Is 21923 prime?
False
Is 26231 a composite number?
True
Is 1304659 a prime number?
True
Is 68813 composite?
False
Is 40303 composite?
True
Is 1253401 a prime number?
True
Is 889 a composite number?
True
Is 52951 a prime number?
True
Is 2951 a composite number?
True
Is 154897 a composite number?
False
Is 17023 prime?
False
Is 29239 a composite number?
True
Is 10371 prime?
False
Is 5269 prime?
False
Is 832985 prime?
False
Is 285221 a composite number?
False
Is 635791 composite?
True
Is 173017 a prime number?
False
Is 112433 a composite number?
True
Is 2305 a prime number?
False
Is 379 a prime number?
True
Is 1647993 composite?
True
Is 1171 a prime number?
True
Is 187793 a prime number?
True
Is 2371715 composite?
True
Is 51193 a composite number?
False
Is 3163 composite?
False
Is 9527 composite?
True
Is 30211 prime?
True
Is 7411 a composite number?
False
Is 2929 a prime number?
False
Is 4397 prime?
True
Is 4441 a prime number?
True
Is 57487 prime?
True
Is 882289 composite?
False
Is 3299 a prime number?
True
Is 4751 a composite number?
False
Is 3967 a prime number?
True
Is 459289 a prime number?
False
Is 336961 a composite number?
False
Is 55997 composite?
False
Is 3221371 a prime number?
True
Is 7393 prime?
True
Is 3793 a prime number?
True
Is 176777 a composite number?
False
Is 28463 a composite number?
False
Is 30367 composite?
False
Is 1543 a composite number?
False
Is 105069 a composite number?
True
Is 81053 a prime number?
False
Is 71639 composite?
True
Is 2161787 a composite number?
False
Is 38067 composite?
True
Is 18591 a composite number?
True
Is 78401 a prime number?
True
Is 260921 prime?
True
Is 21059 prime?
True
Is 11359 composite?
True
Is 18346 a prime number?
False
Is 15415 composite?
True
Is 6717 a prime number?
False
Is 19001 prime?
True
Is 1511 a prime number?
True
Is 86107 a composite number?
True
Is 883 prime?
True
Is 213898 prime?
False
Is 10261 a prime number?
False
Is 994369 a composite number?
False
Is 1599977 composite?
False
Is 268861 a prime number?
True
Is 366473 prime?
False
Is 2731 composite?
False
Is 39551 prime?
True
Is 926623 prime?
True
Is 6559 composite?
True
Is 2333 composite?
False
Is 276121 a composite number?
True
Is 43237 a prime number?
True
Is 85297 a composite number?
False
Is 353737 prime?
True
Is 65599 prime?
True
Is 13963 prime?
True
Is 5578 a prime number?
False
Is 148939 a prime number?
False
Is 229547 prime?
True
Is 529777 composite?
True
Is 1513 a prime number?
False
Is 33763 prime?
False
Is 435467 composite?
True
Is 11053 a prime number?
False
Is 58147 composite?
False
Is 12451 composite?
False
Is 352631 a prime number?
False
Is 63977 a composite number?
False
Is 94753 composite?
True
Is 809089 composite?
True
Is 691 composite?
False
Is 25421 prime?
False
Is 120545 a prime number?
False
Is 1662811 prime?
False
Is 1194683 composite?
True
Is 137567 composite?
False
Is 14519 prime?
True
Is 17863 a composite number?
False
Is 5939 composite?
False
Is 2333 a prime number?
True
Is 257783 a composite number?
False
Is 679645 composite?
True
Is 223789 prime?
False
Is 117527 prime?
False
Is 38993 a composite number?
False
Is 26459 a prime number?
True
Is 4006137 prime?
False
Is 4643 a prime number?
True
Is 403327 prime?
True
Is 5006 a prime number?
False
Is 374983 composite?
True
Is 2354149 prime?
False
Is 17939 prime?
True
Is 117011 a prime number?
False
Is 36429 composite?
True
Is 29981 a composite number?
True
Is 43391 composite?
False
Is 25733 composite?
False
Is 157 composite?
False
Is 171863 composite?
False
Is 12758 prime?
False
Is 178469 composite?
False
Is 2281 a composite number?
False
Is 1976011 composite?
False
Is 72749 prime?
False
Is 264127 prime?
True
Is 29245 a prime number?
False
Is 23846 composite?
True
Is 3778 a composite number?
True
Is 766 a prime number?
False
Is 4711 composite?
True
Is 19841 a prime number?
True
Is 83797 a prime number?
False
Is 5297 composite?
False
Is 231593 composite?
True
Is 2749 prime?
True
Is 9257 prime?
True
Is 25147 a composite number?
False
Is 3415 prime?
False
Is 358349 prime?
True
Is 6385 composite?
True
Is 85427 prime?
True
Is 1789699 a prime number?
False
Is 70607 prime?
True
Is 22901 a composite number?
False
Is 35339 composite?
False
Is 882961 prime?
True
Is 297581 a composite number?
False
Is 5519 a prime number?
True
Is 1249 prime?
True
Is 454451 composite?
False
Is 45389 a composite number?
False
Is 16943 a composite number?
False
Is 85009 a composite number?
False
Is 43223 composite?
False
Is 184961 composite?
True
Is 900547 prime?
False
Is 342605 a composite number?
True
Is 24383 composite?
True
Is 71419 composite?
False
Is 379 prime?
True
Is 154291 a composite number?
False
Is 3312719 prime?
True
Is 2705 prime?
False
Is 440131 composite?
False
Is 46439 prime?
True
Is 75817 composite?
True
Is 21473 composite?
True
Is 47083 composite?
True
Is 446 composite?
True
Is 4083 composite?
True
Is 269557 prime?
False
Is 1015601 a prime number?
True
Is 11771 a composite number?
True
Is 37667 a prime number?
False
Is 657091 composite?
False
Is 46481 a prime number?
False
Is 7045 composite?
True
Is 733237 prime?
True
Is 1456603 a composite number?
False
Is 74 composite?
True
Is 88289 a prime number?
True
Is 483902 composite?
True
Is 12185 a composite number?
True
Is 2066271 prime?
False
Is 30341 prime?
True
Is 1410319 prime?
True
Is 685 a prime number?
False
Is 1287413 prime?
False
Is 93127 composite?
True
Is 374947 a prime number?
False
Is 2319997 a prime number?
True
Is 663023 com